{"id":11,"date":"2020-05-22T03:23:45","date_gmt":"2020-05-22T03:23:45","guid":{"rendered":"http:\/\/c3.usac.edu.gt\/ideipi.usac.edu.gt\/public_html\/?page_id=11"},"modified":"2021-11-22T03:04:49","modified_gmt":"2021-11-22T03:04:49","slug":"area-de-historia-e-identidades","status":"publish","type":"page","link":"https:\/\/ideipi.usac.edu.gt\/index.php\/area-de-historia-e-identidades\/","title":{"rendered":"\u00c1REA DE HISTORIA E IDENTIDADES"},"content":{"rendered":"<p>El \u00e1rea est\u00e1 orientada al estudio de la historia de los pueblos y comunidades ind\u00edgenas, as\u00ed como la deotros grupos sociales, con el fin de explicar la heterogeneidad de las formas de vida y las identidades pol\u00edticas quese hanestablecido a lo largo del tiempo en Guatemala.En el abordaje metodol\u00f3gico se da importancia a la relaci\u00f3n entre pasado y presente con el prop\u00f3sito de hacer evidente que los procesos de vida est\u00e1n interconectados en el tiempo y el espacio. Como marco de trabajo general se tiene presente que las comunidades y los grupos tienen distintas maneras de recordar, de narrar o evocar el pasado y que \u00e9stas est\u00e1n vinculadas a las memorias colectivas y a la acci\u00f3n pol\u00edtica de los pueblos. Al mismo tiempo se reconoce que la historia de las comunidades y pueblos ind\u00edgenas, as\u00ed como la de otras colectividades est\u00e1n estrechamente relacionadas con la historia de la dominaci\u00f3n colonial espa\u00f1ola y con la formaci\u00f3n estatal colonial guatemalteca<\/p><p><strong>Persona Encargada<\/strong>: Doctor Edgar Esquit Choy<\/p><p><strong>Correo Institucional<\/strong>: eeskit.ideipi@digi.usac.edu.gt<\/p><p><\/p>","protected":false},"excerpt":{"rendered":"<p>El \u00e1rea est\u00e1 orientada al estudio de la historia de los pueblos y comunidades ind\u00edgenas, as\u00ed como la deotros grupos sociales, con el fin de explicar la heterogeneidad de las formas de vida y las identidades pol\u00edticas quese hanestablecido a lo largo del tiempo en Guatemala.En el abordaje metodol\u00f3gico se da importancia a la relaci\u00f3n [&hellip;]<\/p>\n","protected":false},"author":1,"featured_media":0,"parent":0,"menu_order":0,"comment_status":"closed","ping_status":"closed","template":"","meta":{"footnotes":""},"class_list":["post-11","page","type-page","status-publish","czr-hentry"],"_links":{"self":[{"href":"https:\/\/ideipi.usac.edu.gt\/index.php\/wp-json\/wp\/v2\/pages\/11"}],"collection":[{"href":"https:\/\/ideipi.usac.edu.gt\/index.php\/wp-json\/wp\/v2\/pages"}],"about":[{"href":"https:\/\/ideipi.usac.edu.gt\/index.php\/wp-json\/wp\/v2\/types\/page"}],"author":[{"embeddable":true,"href":"https:\/\/ideipi.usac.edu.gt\/index.php\/wp-json\/wp\/v2\/users\/1"}],"replies":[{"embeddable":true,"href":"https:\/\/ideipi.usac.edu.gt\/index.php\/wp-json\/wp\/v2\/comments?post=11"}],"version-history":[{"count":4,"href":"https:\/\/ideipi.usac.edu.gt\/index.php\/wp-json\/wp\/v2\/pages\/11\/revisions"}],"predecessor-version":[{"id":1430,"href":"https:\/\/ideipi.usac.edu.gt\/index.php\/wp-json\/wp\/v2\/pages\/11\/revisions\/1430"}],"wp:attachment":[{"href":"https:\/\/ideipi.usac.edu.gt\/index.php\/wp-json\/wp\/v2\/media?parent=11"}],"curies":[{"name":"wp","href":"https:\/\/api.w.org\/{rel}","templated":true}]}}