{"id":1688,"date":"2022-05-23T17:54:45","date_gmt":"2022-05-23T17:54:45","guid":{"rendered":"https:\/\/ideipi.usac.edu.gt\/?page_id=1688"},"modified":"2025-03-20T21:29:46","modified_gmt":"2025-03-20T21:29:46","slug":"sobre-la-revista","status":"publish","type":"page","link":"https:\/\/ideipi.usac.edu.gt\/index.php\/sobre-la-revista\/","title":{"rendered":"Sobre La Revista"},"content":{"rendered":"<p>La Revista Estudios Inter\u00e9tnicos es una publicaci\u00f3n anual editada por el Instituto de Estudios Inter\u00e9tnicos y de los Pueblos Ind\u00edgenas de la Universidad de San Carlos de Guatemala, desde 1993. La revista presenta reflexiones, an\u00e1lisis y resultados de investigaci\u00f3n acerca de las formaciones \u00e9tnicas, su diversidad, constituci\u00f3n y relaciones.<\/p><p>La revista presenta textos anal\u00edticos sobre la realidad pluri\u00e9tnica, multicultural y pluriling\u00fce de Am\u00e9rica Latina con \u00e9nfasis en Mesoam\u00e9rica y Guatemala. Sin embargo, no excluye los estudios sobre temas de inter\u00e9s referidos a otras regiones, entornos socioculturales y \u00e9tnicos del mundo. La revista privilegia un enfoque inter y transdisciplinario (historia, antropolog\u00eda, sociolog\u00eda, ciencia pol\u00edtica, sicolog\u00eda social y otras disciplinas de las Ciencias Sociales) sobre distintos \u00e1mbitos y experiencias. Es una publicaci\u00f3n en formato impreso y digital.<\/p><p><\/p><h2 class=\"wp-block-heading\">Criterios para la aceptaci\u00f3n y evaluaci\u00f3n de las contribuciones<\/h2><p>a) Al terminarse el plazo de la convocatoria, todos los art\u00edculos que ingresen al correo electr\u00f3nico antes indicado pasar\u00e1n a un diagn\u00f3stico de pertinencia realizado por uno de los miembros del Consejo Editorial (CE). Si el art\u00edculo es aprobado, dos especialistas en el tema del art\u00edculo ser\u00e1n seleccionados por el CE y evaluar\u00e1n su contenido bajo el procedimiento de dobles o pares ciegos.<br>b) Las contribuciones deben presentarse siguiendo las Normas Editoriales de la Revista Estudios Inter\u00e9tnicos.<br>c) Los art\u00edculos, documentos y rese\u00f1as deber\u00e1n ser originales, in\u00e9ditos, no publicados, ni estar en cola de publicaci\u00f3n para otra revista.<br>d) Los art\u00edculos deben reunir alta calidad acad\u00e9mica, estar bien redactados y presentar evidencia emp\u00edrica y\/o hist\u00f3rica de las afirmaciones que se viertan en el documento.<br>e) Los pares ciegos aplicar\u00e1n un formato de evaluaci\u00f3n emitido y aprobado por la direcci\u00f3n del Instituto y el CE.<br>f) Los art\u00edculos deben reunir dos dict\u00e1menes positivos para ser aceptados. Si el texto recibe dos dict\u00e1menes negativos es rechazado y devuelto a su autor. Si el art\u00edculo recibe dict\u00e1menes dispares, se enviar\u00e1 a un tercer evaluador.<br>g) Los resultados se informar\u00e1n a los autores en un plazo de dos meses a partir de la fecha de recepci\u00f3n.<br>h) El coordinador general de la revista enviar\u00e1 una carta electr\u00f3nica a los autores de los art\u00edculos para informarles sobre el resultado de las evaluaciones de los pares ciegos.<br>i) Cualquier controversia sobre los dict\u00e1menes o evaluaciones de los art\u00edculos deber\u00e1 ser esclarecida en el seno del CE, tras lo cual se informar\u00e1 a los autores sobre la decisi\u00f3n final.<\/p><h2 class=\"wp-block-heading\">Convocatoria para publicar en Revista 36 <\/h2><p>El Instituto de Estudios Inter\u00e9tnicos y de los Pueblos Ind\u00edgenas invita a presentar art\u00edculos de investigaci\u00f3n sociol\u00f3gica, hist\u00f3rica, antropol\u00f3gica sobre relaciones \u00e9tnicas y pueblos ind\u00edgenas para su publicaci\u00f3n en la edici\u00f3n de la Revista. <\/p><figure class=\"wp-block-image size-large\"><img loading=\"lazy\" decoding=\"async\" width=\"791\" height=\"1024\" src=\"https:\/\/ideipi.usac.edu.gt\/wp-content\/uploads\/2025\/03\/Convocatoria-Revista-36-6-1-791x1024.jpg\" alt=\"\" class=\"wp-image-2140\" srcset=\"https:\/\/ideipi.usac.edu.gt\/wp-content\/uploads\/2025\/03\/Convocatoria-Revista-36-6-1-791x1024.jpg 791w, https:\/\/ideipi.usac.edu.gt\/wp-content\/uploads\/2025\/03\/Convocatoria-Revista-36-6-1-232x300.jpg 232w, https:\/\/ideipi.usac.edu.gt\/wp-content\/uploads\/2025\/03\/Convocatoria-Revista-36-6-1-768x994.jpg 768w, https:\/\/ideipi.usac.edu.gt\/wp-content\/uploads\/2025\/03\/Convocatoria-Revista-36-6-1-1187x1536.jpg 1187w, https:\/\/ideipi.usac.edu.gt\/wp-content\/uploads\/2025\/03\/Convocatoria-Revista-36-6-1-600x777.jpg 600w, https:\/\/ideipi.usac.edu.gt\/wp-content\/uploads\/2025\/03\/Convocatoria-Revista-36-6-1.jpg 1545w\" sizes=\"(max-width: 791px) 100vw, 791px\" \/><\/figure><div class=\"wp-block-buttons is-layout-flex wp-block-buttons-is-layout-flex\"><div class=\"wp-block-button\"><a class=\"wp-block-button__link has-white-color has-vivid-red-background-color has-text-color has-background wp-element-button\" href=\"https:\/\/ideipi.usac.edu.gt\/wp-content\/uploads\/2025\/03\/Normas-Editoriales-Revista-36.pdf\" style=\"border-radius:0px\">Descargar Pol\u00edtica Editorial PDF<\/a><\/div><\/div>","protected":false},"excerpt":{"rendered":"<p>La Revista Estudios Inter\u00e9tnicos es una publicaci\u00f3n anual editada por el Instituto de Estudios Inter\u00e9tnicos y de los Pueblos Ind\u00edgenas de la Universidad de San Carlos de Guatemala, desde 1993. La revista presenta reflexiones, an\u00e1lisis y resultados de investigaci\u00f3n acerca de las formaciones \u00e9tnicas, su diversidad, constituci\u00f3n y relaciones. La revista presenta textos anal\u00edticos sobre [&hellip;]<\/p>\n","protected":false},"author":1,"featured_media":2140,"parent":0,"menu_order":0,"comment_status":"closed","ping_status":"closed","template":"","meta":{"footnotes":""},"class_list":["post-1688","page","type-page","status-publish","has-post-thumbnail","czr-hentry"],"_links":{"self":[{"href":"https:\/\/ideipi.usac.edu.gt\/index.php\/wp-json\/wp\/v2\/pages\/1688"}],"collection":[{"href":"https:\/\/ideipi.usac.edu.gt\/index.php\/wp-json\/wp\/v2\/pages"}],"about":[{"href":"https:\/\/ideipi.usac.edu.gt\/index.php\/wp-json\/wp\/v2\/types\/page"}],"author":[{"embeddable":true,"href":"https:\/\/ideipi.usac.edu.gt\/index.php\/wp-json\/wp\/v2\/users\/1"}],"replies":[{"embeddable":true,"href":"https:\/\/ideipi.usac.edu.gt\/index.php\/wp-json\/wp\/v2\/comments?post=1688"}],"version-history":[{"count":4,"href":"https:\/\/ideipi.usac.edu.gt\/index.php\/wp-json\/wp\/v2\/pages\/1688\/revisions"}],"predecessor-version":[{"id":2143,"href":"https:\/\/ideipi.usac.edu.gt\/index.php\/wp-json\/wp\/v2\/pages\/1688\/revisions\/2143"}],"wp:featuredmedia":[{"embeddable":true,"href":"https:\/\/ideipi.usac.edu.gt\/index.php\/wp-json\/wp\/v2\/media\/2140"}],"wp:attachment":[{"href":"https:\/\/ideipi.usac.edu.gt\/index.php\/wp-json\/wp\/v2\/media?parent=1688"}],"curies":[{"name":"wp","href":"https:\/\/api.w.org\/{rel}","templated":true}]}}