{"id":19,"date":"2020-05-22T03:27:35","date_gmt":"2020-05-22T03:27:35","guid":{"rendered":"http:\/\/c3.usac.edu.gt\/ideipi.usac.edu.gt\/public_html\/?page_id=19"},"modified":"2020-05-22T03:27:36","modified_gmt":"2020-05-22T03:27:36","slug":"4-area-de-estudios-sociolinguisticos","status":"publish","type":"page","link":"https:\/\/ideipi.usac.edu.gt\/index.php\/4-area-de-estudios-sociolinguisticos\/","title":{"rendered":"4. \u00c1REA DE ESTUDIOS SOCIOLING\u00dc\u00cdSTICOS"},"content":{"rendered":"<p>Esta \u00e1rea estudia la diversidad ling\u00fc\u00edstica de los pueblos que conforman la sociedad guatemalteca.&nbsp; Promueve la pr\u00e1ctica de los idiomas ind\u00edgenas para fortalecer los procesos de ense\u00f1anza-aprendizaje en la escuela, en la administraci\u00f3n p\u00fablica y hacer efectiva la aplicaci\u00f3n de la Ley de Idiomas Nacionales (Decreto No.19-2003) que tiene como objeto regular el reconocimiento, respeto, promoci\u00f3n, desarrollo y utilizaci\u00f3n de los idiomas mayas, gar\u00edfuna y xinka en Guatemala.<\/p><p>Valoriza y resignifica los idiomas ind\u00edgenas para la construcci\u00f3n de propuestas desde los pueblos ind\u00edgenas.<\/p>","protected":false},"excerpt":{"rendered":"<p>Esta \u00e1rea estudia la diversidad ling\u00fc\u00edstica de los pueblos que conforman la sociedad guatemalteca.&nbsp; Promueve la pr\u00e1ctica de los idiomas ind\u00edgenas para fortalecer los procesos de ense\u00f1anza-aprendizaje en la escuela, en la administraci\u00f3n p\u00fablica y hacer efectiva la aplicaci\u00f3n de la Ley de Idiomas Nacionales (Decreto No.19-2003) que tiene como objeto regular el reconocimiento, respeto, [&hellip;]<\/p>\n","protected":false},"author":1,"featured_media":0,"parent":0,"menu_order":0,"comment_status":"closed","ping_status":"closed","template":"","meta":{"footnotes":""},"class_list":["post-19","page","type-page","status-publish","czr-hentry"],"_links":{"self":[{"href":"https:\/\/ideipi.usac.edu.gt\/index.php\/wp-json\/wp\/v2\/pages\/19"}],"collection":[{"href":"https:\/\/ideipi.usac.edu.gt\/index.php\/wp-json\/wp\/v2\/pages"}],"about":[{"href":"https:\/\/ideipi.usac.edu.gt\/index.php\/wp-json\/wp\/v2\/types\/page"}],"author":[{"embeddable":true,"href":"https:\/\/ideipi.usac.edu.gt\/index.php\/wp-json\/wp\/v2\/users\/1"}],"replies":[{"embeddable":true,"href":"https:\/\/ideipi.usac.edu.gt\/index.php\/wp-json\/wp\/v2\/comments?post=19"}],"version-history":[{"count":1,"href":"https:\/\/ideipi.usac.edu.gt\/index.php\/wp-json\/wp\/v2\/pages\/19\/revisions"}],"predecessor-version":[{"id":20,"href":"https:\/\/ideipi.usac.edu.gt\/index.php\/wp-json\/wp\/v2\/pages\/19\/revisions\/20"}],"wp:attachment":[{"href":"https:\/\/ideipi.usac.edu.gt\/index.php\/wp-json\/wp\/v2\/media?parent=19"}],"curies":[{"name":"wp","href":"https:\/\/api.w.org\/{rel}","templated":true}]}}