{"id":7,"date":"2020-05-22T03:09:19","date_gmt":"2020-05-22T03:09:19","guid":{"rendered":"http:\/\/c3.usac.edu.gt\/ideipi.usac.edu.gt\/public_html\/?page_id=7"},"modified":"2020-05-22T03:09:20","modified_gmt":"2020-05-22T03:09:20","slug":"mision-y-vision","status":"publish","type":"page","link":"https:\/\/ideipi.usac.edu.gt\/index.php\/mision-y-vision\/","title":{"rendered":"MISI\u00d3N Y VISI\u00d3N"},"content":{"rendered":"<p style=\"background-color:#d43c4c\" class=\"has-text-color has-background has-large-font-size has-very-light-gray-color\"><strong>MISI\u00d3N<\/strong><\/p><p>Somos un Instituto de investigaci\u00f3n de la Universidad de San Carlos de Guatemala responsable de producir conocimientos y propuestas sobre la din\u00e1mica \u00e9tnica y de los pueblos ind\u00edgenas en Guatemala, para proponer acciones tendientes a la construcci\u00f3n de condiciones de igualdad, equidad y respeto a la diferencia en lo pol\u00edtico, econ\u00f3mico y social, a la diversidad \u00e9tnica, multiling\u00fce y pluricultural, a la cual la Universidad debe responder para ser congruente con las caracter\u00edsticas del pa\u00eds.<\/p><hr class=\"wp-block-separator\"\/><p style=\"background-color:#d43c4c\" class=\"has-text-color has-background has-large-font-size has-very-light-gray-color\"><strong>VISI\u00d3N<\/strong><\/p><p>Contribuimos al cumplimiento de los derechos ind\u00edgenas y a la construcci\u00f3n de una sociedad plural, divulgando conocimiento y propiciando espacios de di\u00e1logo, reflexi\u00f3n, debate y formaci\u00f3n desde los pueblos ind\u00edgenas, en relaci\u00f3n con diversos actores sociales.<\/p>","protected":false},"excerpt":{"rendered":"<p>MISI\u00d3N Somos un Instituto de investigaci\u00f3n de la Universidad de San Carlos de Guatemala responsable de producir conocimientos y propuestas sobre la din\u00e1mica \u00e9tnica y de los pueblos ind\u00edgenas en Guatemala, para proponer acciones tendientes a la construcci\u00f3n de condiciones de igualdad, equidad y respeto a la diferencia en lo pol\u00edtico, econ\u00f3mico y social, a [&hellip;]<\/p>\n","protected":false},"author":1,"featured_media":0,"parent":0,"menu_order":0,"comment_status":"closed","ping_status":"closed","template":"","meta":{"footnotes":""},"class_list":["post-7","page","type-page","status-publish","czr-hentry"],"_links":{"self":[{"href":"https:\/\/ideipi.usac.edu.gt\/index.php\/wp-json\/wp\/v2\/pages\/7"}],"collection":[{"href":"https:\/\/ideipi.usac.edu.gt\/index.php\/wp-json\/wp\/v2\/pages"}],"about":[{"href":"https:\/\/ideipi.usac.edu.gt\/index.php\/wp-json\/wp\/v2\/types\/page"}],"author":[{"embeddable":true,"href":"https:\/\/ideipi.usac.edu.gt\/index.php\/wp-json\/wp\/v2\/users\/1"}],"replies":[{"embeddable":true,"href":"https:\/\/ideipi.usac.edu.gt\/index.php\/wp-json\/wp\/v2\/comments?post=7"}],"version-history":[{"count":1,"href":"https:\/\/ideipi.usac.edu.gt\/index.php\/wp-json\/wp\/v2\/pages\/7\/revisions"}],"predecessor-version":[{"id":8,"href":"https:\/\/ideipi.usac.edu.gt\/index.php\/wp-json\/wp\/v2\/pages\/7\/revisions\/8"}],"wp:attachment":[{"href":"https:\/\/ideipi.usac.edu.gt\/index.php\/wp-json\/wp\/v2\/media?parent=7"}],"curies":[{"name":"wp","href":"https:\/\/api.w.org\/{rel}","templated":true}]}}

MISIÓN Y VISIÓN

<p style="background-color:#d43c4c" class="has-text-color has-background has-large-font-size has-very-light-gray-color"><strong>MISIÓN</strong></p><p>Somos un Instituto de investigación de la Universidad de San Carlos de Guatemala responsable de producir conocimientos y propuestas sobre la dinámica étnica y de los pueblos indígenas en Guatemala, para proponer acciones tendientes a la construcción de condiciones de igualdad, equidad y respeto a la diferencia en lo político, económico y social, a la diversidad étnica, multilingüe y pluricultural, a la cual la Universidad debe responder para ser congruente con las características del país.</p><hr class="wp-block-separator"/><p style="background-color:#d43c4c" class="has-text-color has-background has-large-font-size has-very-light-gray-color"><strong>VISIÓN</strong></p><p>Contribuimos al cumplimiento de los derechos indígenas y a la construcción de una sociedad plural, divulgando conocimiento y propiciando espacios de diálogo, reflexión, debate y formación desde los pueblos indígenas, en relación con diversos actores sociales.</p>

<p>MISIÓN Somos un Instituto de investigación de la Universidad de San Carlos de Guatemala responsable de producir conocimientos y propuestas sobre la dinámica étnica y de los pueblos indígenas en Guatemala, para proponer acciones tendientes a la construcción de condiciones de igualdad, equidad y respeto a la diferencia en lo político, económico y social, a [&hellip;]</p>
