{"id":835,"date":"2021-11-12T18:16:56","date_gmt":"2021-11-12T18:16:56","guid":{"rendered":"https:\/\/ideipi.usac.edu.gt\/?page_id=835"},"modified":"2021-11-22T03:13:14","modified_gmt":"2021-11-22T03:13:14","slug":"area-de-salud","status":"publish","type":"page","link":"https:\/\/ideipi.usac.edu.gt\/index.php\/area-de-salud\/","title":{"rendered":"AREA DE SALUD"},"content":{"rendered":"<p>Orienta su investigaci\u00f3n hacia la incorporaci\u00f3n de las representaciones y pr\u00e1cticas que tienen los diversos conjuntos sociales para incidir en las condiciones de vida y salud de los diversos grupos \u00e9tnicos.&nbsp; A la vez intenta construir un pluralismo de la salud que oriente las pol\u00edticas y estrategias del Estado Guatemalteco, en donde el tema de la interculturalidad de la salud se propone como base para el entendimiento del proceso salud\/enfermedad\/atenci\u00f3n.&nbsp; La orientaci\u00f3n te\u00f3rico-metodol\u00f3gica del \u00e1rea intenta crear una discusi\u00f3n que permita la presencia de profesionales de la salud y de ciencias sociales.<\/p><p><strong>Persona encargada:\u00a0<\/strong> Dra. Mar\u00eda Teresa de Jes\u00fas Mosquera Saravia <\/p><p><strong>Correo Institucional:<\/strong> teresa.mosquera@usac.edu.gt<\/p><p><\/p><p><\/p>","protected":false},"excerpt":{"rendered":"<p>Orienta su investigaci\u00f3n hacia la incorporaci\u00f3n de las representaciones y pr\u00e1cticas que tienen los diversos conjuntos sociales para incidir en las condiciones de vida y salud de los diversos grupos \u00e9tnicos.&nbsp; A la vez intenta construir un pluralismo de la salud que oriente las pol\u00edticas y estrategias del Estado Guatemalteco, en donde el tema de [&hellip;]<\/p>\n","protected":false},"author":1,"featured_media":0,"parent":0,"menu_order":0,"comment_status":"closed","ping_status":"closed","template":"","meta":{"footnotes":""},"class_list":["post-835","page","type-page","status-publish","czr-hentry"],"_links":{"self":[{"href":"https:\/\/ideipi.usac.edu.gt\/index.php\/wp-json\/wp\/v2\/pages\/835"}],"collection":[{"href":"https:\/\/ideipi.usac.edu.gt\/index.php\/wp-json\/wp\/v2\/pages"}],"about":[{"href":"https:\/\/ideipi.usac.edu.gt\/index.php\/wp-json\/wp\/v2\/types\/page"}],"author":[{"embeddable":true,"href":"https:\/\/ideipi.usac.edu.gt\/index.php\/wp-json\/wp\/v2\/users\/1"}],"replies":[{"embeddable":true,"href":"https:\/\/ideipi.usac.edu.gt\/index.php\/wp-json\/wp\/v2\/comments?post=835"}],"version-history":[{"count":4,"href":"https:\/\/ideipi.usac.edu.gt\/index.php\/wp-json\/wp\/v2\/pages\/835\/revisions"}],"predecessor-version":[{"id":1436,"href":"https:\/\/ideipi.usac.edu.gt\/index.php\/wp-json\/wp\/v2\/pages\/835\/revisions\/1436"}],"wp:attachment":[{"href":"https:\/\/ideipi.usac.edu.gt\/index.php\/wp-json\/wp\/v2\/media?parent=835"}],"curies":[{"name":"wp","href":"https:\/\/api.w.org\/{rel}","templated":true}]}}

<p>Orienta su investigación hacia la incorporación de las representaciones y prácticas que tienen los diversos conjuntos sociales para incidir en las condiciones de vida y salud de los diversos grupos étnicos.&nbsp; A la vez intenta construir un pluralismo de la salud que oriente las políticas y estrategias del Estado Guatemalteco, en donde el tema de la interculturalidad de la salud se propone como base para el entendimiento del proceso salud/enfermedad/atención.&nbsp; La orientación teórico-metodológica del área intenta crear una discusión que permita la presencia de profesionales de la salud y de ciencias sociales.</p><p><strong>Persona encargada: </strong> Dra. María Teresa de Jesús Mosquera Saravia </p><p><strong>Correo Institucional:</strong> teresa.mosquera@usac.edu.gt</p><p></p><p></p>

<p>Orienta su investigación hacia la incorporación de las representaciones y prácticas que tienen los diversos conjuntos sociales para incidir en las condiciones de vida y salud de los diversos grupos étnicos.&nbsp; A la vez intenta construir un pluralismo de la salud que oriente las políticas y estrategias del Estado Guatemalteco, en donde el tema de [&hellip;]</p>
