{"id":9,"date":"2020-05-22T03:22:13","date_gmt":"2020-05-22T03:22:13","guid":{"rendered":"http:\/\/c3.usac.edu.gt\/ideipi.usac.edu.gt\/public_html\/?page_id=9"},"modified":"2023-04-20T19:10:38","modified_gmt":"2023-04-20T19:10:38","slug":"directorio","status":"publish","type":"page","link":"https:\/\/ideipi.usac.edu.gt\/index.php\/directorio\/","title":{"rendered":"DIRECTORIO"},"content":{"rendered":"<p class=\"has-very-light-gray-color has-text-color has-background has-medium-font-size\" style=\"background-color:#d43c4c\"><strong>DIRECCI\u00d3N<\/strong><\/p><p class=\"has-very-dark-gray-color has-text-color has-background\" style=\"background-color:#ffffff\"><strong>Lcda. Lina Eugenia Barrios Escobar<\/strong> <br>Directora<\/p><p class=\"has-very-dark-gray-color has-very-light-gray-background-color has-text-color has-background\"><strong>Sra. B\u00e1rbara Danelle Rend\u00f3n Corzo de Ortega<\/strong> \u200b<br>Secretaria de Direcci\u00f3n<\/p><p class=\"has-background\" style=\"background-color:#ffffff\">Sra. Lilia Irene Cap Sir , Auxiliar de Investigaci\u00f3n Cient\u00edfica III<\/p><p class=\"has-very-light-gray-color has-text-color has-background has-medium-font-size\" style=\"background-color:#d43c4c\"><strong>INVESTIGADORES TITULARES<\/strong><\/p><ul class=\"wp-block-list\"><li>Dra. Claudia Dary Fuentes<\/li><li>Dr. Edgar Arturo Esquit Choy <\/li><li>Lic. Alvaro Eduardo Caballeros Herrera &nbsp;<\/li><li>Dr. Aroldo Gamaliel Camposeco Montejo<\/li><li>Dra. Maria Teresa Mosquera Saravia <\/li><\/ul><p class=\"has-very-light-gray-color has-text-color has-background has-medium-font-size\" style=\"background-color:#d43c4c\"><strong>PROFESORES INTERINOS<\/strong><\/p><ul class=\"wp-block-list\"><li>H\u00e9ctor Aurelio Concoh\u00e1 Chet<\/li><li>Licda. Gloria Patricia de la Roca Gir\u00f3n<br><\/li><\/ul><p class=\"has-very-light-gray-color has-text-color has-background has-medium-font-size\" style=\"background-color:#d43c4c\"><strong>CENTRO DE INFORMACI\u00d3N Y DOCUMENTACI\u00d3N<\/strong><\/p><p class=\"has-very-dark-gray-color has-text-color has-background\" style=\"background-color:#ffffff\"><strong>Karin Elizabeth Ord\u00f3\u00f1ez Ventura<\/strong> <br>Encargada Centro de Documentaci\u00f3n<\/p><p class=\"has-text-color has-background has-medium-font-size\" style=\"background-color:#d43c4c;color:#ffffff\"><strong>TESORER\u00cdA IDEIPI<\/strong><\/p><p class=\"has-background\" style=\"background-color:#ffffff\"><strong>Claudia Nohem\u00ed Prado Reyes<\/strong> <br>Auxiliar de Tesorer\u00eda I&nbsp;<\/p><p class=\"has-text-color has-background\" style=\"background-color:#d43c4c;color:#ffffff\"><strong>PERSONAL DE APOYO<\/strong><\/p><p class=\"has-background\" style=\"background-color:#ffffff\"><strong>Giovanni Antonio Medina Apen<\/strong><br>Mensajero<\/p><p class=\"has-very-light-gray-background-color has-background\"><br>Auxiliar de Servicios I\u200bI<\/p>","protected":false},"excerpt":{"rendered":"<p>DIRECCI\u00d3N Lcda. Lina Eugenia Barrios Escobar Directora Sra. B\u00e1rbara Danelle Rend\u00f3n Corzo de Ortega \u200bSecretaria de Direcci\u00f3n Sra. Lilia Irene Cap Sir , Auxiliar de Investigaci\u00f3n Cient\u00edfica III INVESTIGADORES TITULARES Dra. Claudia Dary Fuentes Dr. Edgar Arturo Esquit Choy Lic. Alvaro Eduardo Caballeros Herrera &nbsp; Dr. Aroldo Gamaliel Camposeco Montejo Dra. Maria Teresa Mosquera Saravia [&hellip;]<\/p>\n","protected":false},"author":1,"featured_media":204,"parent":0,"menu_order":0,"comment_status":"closed","ping_status":"closed","template":"","meta":{"footnotes":""},"class_list":["post-9","page","type-page","status-publish","has-post-thumbnail","czr-hentry"],"_links":{"self":[{"href":"https:\/\/ideipi.usac.edu.gt\/index.php\/wp-json\/wp\/v2\/pages\/9"}],"collection":[{"href":"https:\/\/ideipi.usac.edu.gt\/index.php\/wp-json\/wp\/v2\/pages"}],"about":[{"href":"https:\/\/ideipi.usac.edu.gt\/index.php\/wp-json\/wp\/v2\/types\/page"}],"author":[{"embeddable":true,"href":"https:\/\/ideipi.usac.edu.gt\/index.php\/wp-json\/wp\/v2\/users\/1"}],"replies":[{"embeddable":true,"href":"https:\/\/ideipi.usac.edu.gt\/index.php\/wp-json\/wp\/v2\/comments?post=9"}],"version-history":[{"count":8,"href":"https:\/\/ideipi.usac.edu.gt\/index.php\/wp-json\/wp\/v2\/pages\/9\/revisions"}],"predecessor-version":[{"id":1833,"href":"https:\/\/ideipi.usac.edu.gt\/index.php\/wp-json\/wp\/v2\/pages\/9\/revisions\/1833"}],"wp:featuredmedia":[{"embeddable":true,"href":"https:\/\/ideipi.usac.edu.gt\/index.php\/wp-json\/wp\/v2\/media\/204"}],"wp:attachment":[{"href":"https:\/\/ideipi.usac.edu.gt\/index.php\/wp-json\/wp\/v2\/media?parent=9"}],"curies":[{"name":"wp","href":"https:\/\/api.w.org\/{rel}","templated":true}]}}