{"id":1420,"date":"2021-11-22T01:55:50","date_gmt":"2021-11-22T01:55:50","guid":{"rendered":"https:\/\/ideipi.usac.edu.gt\/?post_type=product&#038;p=1420"},"modified":"2023-10-05T14:39:44","modified_gmt":"2023-10-05T14:39:44","slug":"santiago-etnologia-y-etnografia-de-guatemala","status":"publish","type":"product","link":"https:\/\/ideipi.usac.edu.gt\/index.php\/producto\/santiago-etnologia-y-etnografia-de-guatemala\/","title":{"rendered":"Santiago Etnolog\u00eda y Etnograf\u00eda de Guatemala"},"content":{"rendered":"<p>Santiago Etnolog\u00eda y Etnograf\u00eda de Guatemala<\/p>\n","protected":false},"excerpt":{"rendered":"<p>Santiago Etnolog\u00eda y Etnograf\u00eda de Guatemala<\/p>\n","protected":false},"featured_media":1396,"comment_status":"open","ping_status":"closed","template":"","meta":[],"product_brand":[],"product_cat":[22],"product_tag":[],"class_list":{"0":"post-1420","1":"product","2":"type-product","3":"status-publish","4":"has-post-thumbnail","6":"product_cat-seminario","8":"first","9":"instock","10":"downloadable","11":"shipping-taxable","12":"product-type-simple","13":"czr-hentry"},"_links":{"self":[{"href":"https:\/\/ideipi.usac.edu.gt\/index.php\/wp-json\/wp\/v2\/product\/1420"}],"collection":[{"href":"https:\/\/ideipi.usac.edu.gt\/index.php\/wp-json\/wp\/v2\/product"}],"about":[{"href":"https:\/\/ideipi.usac.edu.gt\/index.php\/wp-json\/wp\/v2\/types\/product"}],"replies":[{"embeddable":true,"href":"https:\/\/ideipi.usac.edu.gt\/index.php\/wp-json\/wp\/v2\/comments?post=1420"}],"wp:featuredmedia":[{"embeddable":true,"href":"https:\/\/ideipi.usac.edu.gt\/index.php\/wp-json\/wp\/v2\/media\/1396"}],"wp:attachment":[{"href":"https:\/\/ideipi.usac.edu.gt\/index.php\/wp-json\/wp\/v2\/media?parent=1420"}],"wp:term":[{"taxonomy":"product_brand","embeddable":true,"href":"https:\/\/ideipi.usac.edu.gt\/index.php\/wp-json\/wp\/v2\/product_brand?post=1420"},{"taxonomy":"product_cat","embeddable":true,"href":"https:\/\/ideipi.usac.edu.gt\/index.php\/wp-json\/wp\/v2\/product_cat?post=1420"},{"taxonomy":"product_tag","embeddable":true,"href":"https:\/\/ideipi.usac.edu.gt\/index.php\/wp-json\/wp\/v2\/product_tag?post=1420"}],"curies":[{"name":"wp","href":"https:\/\/api.w.org\/{rel}","templated":true}]}}